{"id":374,"date":"2019-08-23T07:38:59","date_gmt":"2019-08-23T06:38:59","guid":{"rendered":"https:\/\/beta.swissmootcourt.ch\/sponsors\/"},"modified":"2025-11-29T13:25:16","modified_gmt":"2025-11-29T12:25:16","slug":"sponsors","status":"publish","type":"page","link":"https:\/\/swissmootcourt.ch\/?page_id=374&lang=fr","title":{"rendered":"Sponsors"},"content":{"rendered":"[vc_row][vc_column]<div class=\"vcex-spacing wpex-w-100 wpex-clear\" style=\"height:15px\"><\/div><div class=\"vcex-heading vcex-module wpex-text-2xl wpex-font-normal wpex-m-auto wpex-max-w-100 vcex-heading-bottom-border-w-color wpex-block wpex-border-b-2 wpex-border-solid wpex-border-gray-200\" style=\"font-size:30px;border-bottom-color:#d6d6d6;\"><span class=\"vcex-heading-inner wpex-inline-block wpex-clr wpex-relative wpex-pb-5 wpex-border-b-2 wpex-border-solid wpex-border-accent\">Sponsors<\/span><\/div><div class=\"vcex-spacing wpex-w-100 wpex-clear\" style=\"height:15px\"><\/div>[\/vc_column][\/vc_row][vc_row][vc_column]<div class=\"vcex-heading vcex-module wpex-text-2xl wpex-font-normal wpex-m-auto wpex-max-w-100 vcex-heading-side-border wpex-flex wpex-items-center wpex-text-center\" style=\"color:#c69800;font-size:30px;text-transform:uppercase;\"><span class=\"vcex-heading-side-border wpex-flex-grow wpex-h-0 wpex-border-solid wpex-border-gray-900 wpex-border-b-3 wpex-mr-15\" style=\"border-color:#c69800;\"><\/span><span class=\"vcex-heading-inner wpex-inline-block wpex-clr\">Sponsors Gold<\/span><span class=\"vcex-heading-side-border wpex-flex-grow wpex-h-0 wpex-border-solid wpex-border-gray-900 wpex-ml-15 wpex-border-b-3\" style=\"border-color:#c69800;\"><\/span><\/div><div class=\"vcex-spacing wpex-w-100 wpex-clear\" style=\"height:15px\"><\/div>[\/vc_column][\/vc_row][vc_row][vc_column width=&#8221;1\/3&#8243;][vc_row_inner][vc_column_inner width=&#8221;1\/2&#8243;]<figure class=\"vcex-image vcex-module wpex-clr\"><div class=\"vcex-image-inner wpex-relative wpex-inline-block\"><a href=\"https:\/\/helbing.ch\/\" target=\"_blank\" rel=\"noopener noreferrer\"><img decoding=\"async\" loading=\"lazy\" class=\"wpex-align-middle\" src=\"https:\/\/swissmootcourt.ch\/wp-content\/uploads\/2022\/04\/HLV_Logo_Web_229x100px.jpg\" alt=\"\" width=\"229\" height=\"57\" \/><\/a><\/div><\/figure>[\/vc_column_inner][vc_column_inner width=&#8221;1\/2&#8243;]<figure class=\"vcex-image vcex-module wpex-clr\"><div class=\"vcex-image-inner wpex-relative wpex-inline-block\"><a href=\"https:\/\/www.dike.ch\" target=\"_blank\" rel=\"noopener noreferrer\"><img decoding=\"async\" loading=\"lazy\" class=\"wpex-align-middle\" src=\"https:\/\/swissmootcourt.ch\/wp-content\/uploads\/2021\/05\/DIKE-Logo-gross-schwarz.png\" alt=\"\" width=\"786\" height=\"185\" \/><\/a><\/div><\/figure>[\/vc_column_inner][\/vc_row_inner][\/vc_column][vc_column width=&#8221;2\/3&#8243;][vc_column_text]\n<div>\n<div>\n<div>\n<div>\n<div>\n<p align=\"justify\">L\u2019histoire de la maison d\u2019\u00e9dition Helbing Lichtenhahn, \u00e0 B\u00e2le, prend ses racines au d\u00e9but du 19e si\u00e8cle. Aujourd\u2019hui, l\u2019ensemble des publications de la maison compte quelque 1000 titres disponibles, dont les s\u00e9ries incontournables des \u00abBasler Kommentare\u00bb et des \u00abCommentaires romands\u00bb, auxquelles s\u2019ajoutent des commentaires sur le droit fiscal suisse. Composent \u00e9galement l\u2019offre des manuels renomm\u00e9s, des ouvrages universitaires, des monographies et des collections portant sur tous les domaines du droit suisse, comme de nombreuses revues, dont la RDS\/ZSR, ius focus, Die Praxis, la RSPC\/SZZP et sic!, ainsi que des ouvrages \u00e0 feuillets mobiles. Un autre pilier du programme est l\u2019offre digitale, en forte progression, qui a d\u00e9but\u00e9 en 2015 par le lancement de la banque de donn\u00e9es en ligne\u00a0<a href=\"https:\/\/web.archive.org\/web\/20250519171228\/http:\/\/www.legalis.ch\/\">www.legalis.ch<\/a>.<br \/>\nVous acc\u00e9dez \u00e0 des\u00a0informations plus compl\u00e8tes sous\u00a0<a href=\"https:\/\/web.archive.org\/web\/20250519171228\/http:\/\/www.helbing.ch\/\">www.helbing.ch<\/a>.<\/p>\n<p align=\"justify\"><\/div>\n<\/div>\n<div>\n<div>\n<div>\n<div>\n<div>\n<div>\n<div data-canvas-width=\"499.84255999999976\">\n<p align=\"justify\">C\u2019est en 1985 qu\u2019a \u00e9t\u00e9 fond\u00e9e la maison d\u2019\u00e9dition DIKE \u00e0 Zurich. Son programme propose quelque 1000 titres disponibles, dont le \u00abSt. Galler Kommentar\u00bb sur la Constitution f\u00e9d\u00e9rale, des commentaires pratiques sur le code p\u00e9nal et la proc\u00e9dure p\u00e9nale, des ouvrages universitaires et la s\u00e9rie \u00abin a nutshell\u00bb, fort appr\u00e9ci\u00e9e. Enrichissent ces publications notamment les revues PJA\/AJP, GesKR, ZZZ\/ PCEF et HAVE\/REAS. En outre, la maison d\u2019\u00e9dition DIKE est pr\u00e9sente dans toute la palette des publications scientifiques, telles que dissertations, th\u00e8ses d\u2019habilitation, collections et actes de colloques.<br \/>\nVous\u00a0trouvez des informations plus d\u00e9taill\u00e9es sous\u00a0<a href=\"https:\/\/web.archive.org\/web\/20250519171228\/http:\/\/www.dike.ch\/\">www.dike.ch<\/a>.<\/p>\n<\/div>\n<\/div>\n<\/div>\n<\/div>\n<\/div>\n<\/div>\n<\/div>\n<\/div>\n<\/div>\n<\/div>\n[\/vc_column_text][\/vc_column][vc_column]<div class=\"vcex-spacing wpex-w-100 wpex-clear\" style=\"height:30px\"><\/div>[\/vc_column][\/vc_row][vc_row][vc_column width=&#8221;1\/3&#8243;]<figure class=\"vcex-image vcex-module wpex-clr\"><div class=\"vcex-image-inner wpex-relative wpex-inline-block\"><a href=\"https:\/\/www.eigenmann-avocats.ch\"><img decoding=\"async\" loading=\"lazy\" class=\"wpex-align-middle\" src=\"https:\/\/swissmootcourt.ch\/wp-content\/uploads\/2022\/04\/image001.png\" alt=\"\" width=\"163\" height=\"65\" \/><\/a><\/div><\/figure>[\/vc_column][vc_column width=&#8221;2\/3&#8243;][vc_column_text]\n<div>\n<div>\n<div>\n<div>\n<div>\n<p align=\"justify\">Eigenmann Associ\u00e9s est une Etude d\u2019avocats et notaires active dans toute la Suisse et \u00e0 l\u2019international. L\u2019Etude dispose de locaux \u00e0 Lausanne et \u00e0 Locarno.<\/p>\n<p align=\"justify\">Les avocats de l\u2019Etude jouissent d\u2019une grande exp\u00e9rience et de nombreuses sp\u00e9cialisations reconnues par la F\u00e9d\u00e9ration Suisse des Avocats (droit des successions, droit de la construction et de l\u2019immobilier, responsabilit\u00e9 civile et droit des assurances sociales ainsi que m\u00e9diation). L\u2019Etude compte parmi ses associ\u00e9s et collaborateurs des avocats titulaires des brevets d\u2019avocats suisses, fran\u00e7ais, et allemands.<\/p>\n<p align=\"justify\">Gr\u00e2ce \u00e0 la diversit\u00e9 des domaines de sp\u00e9cialisations, aux domaines de pr\u00e9dilection et aux comp\u00e9tences internationales r\u00e9unies, l\u2019Etude r\u00e9pond aux attentes d\u2019une client\u00e8le exigeante, d\u00e9sireuse d\u2019avoir un suivi expert et personnalis\u00e9.<\/p>\n<p align=\"justify\">Nous mettons tout en \u0153uvre pour d\u00e9finir, avec nos clients, la meilleure strat\u00e9gie pour leur dossier. Que ce soit par la voie du conseil juridique, la mise en \u0153uvre d\u2019une m\u00e9diation, ou la repr\u00e9sentation en justice ou devant des autorit\u00e9s arbitrales, l\u2019Etude dispose des meilleures comp\u00e9tences pour accompagner ses mandants.<\/p>\n<p align=\"justify\">Eigenmann Associ\u00e9s vous offre ses services en fran\u00e7ais, allemand, anglais, italien et turc.<\/p>\n<\/div>\n<\/div>\n<\/div>\n<\/div>\n<\/div>\n[\/vc_column_text][\/vc_column][vc_column]<div class=\"vcex-spacing wpex-w-100 wpex-clear\" style=\"height:30px\"><\/div>[\/vc_column][\/vc_row][vc_row][vc_column width=&#8221;1\/3&#8243;]<figure class=\"vcex-image vcex-module wpex-clr\"><div class=\"vcex-image-inner wpex-relative wpex-inline-block\"><a href=\"https:\/\/www.homburger.ch\" target=\"_blank\" rel=\"noopener noreferrer\"><img decoding=\"async\" loading=\"lazy\" class=\"wpex-align-middle\" src=\"https:\/\/swissmootcourt.ch\/wp-content\/uploads\/2021\/01\/Homburger_Wortmarke_RGB_purple_884px.png\" alt=\"\" width=\"884\" height=\"160\" \/><\/a><\/div><\/figure>[\/vc_column][vc_column width=&#8221;2\/3&#8243;][vc_column_text]\n<div data-canvas-width=\"539.48\">\n<div>\n<div>\n<div>\n<div>\n<div>\n<div data-canvas-width=\"539.48\">\n<div data-canvas-width=\"565.1599999999995\">\n<p align=\"justify\">Avec plus de 160 experts, Homburger est l\u2019un des plus grands cabinets d\u2019avocats de Suisse.<\/p>\n<p align=\"justify\">En tant que partenaire de confiance, Homburger conseille les entreprises et les entrepreneurs ayant des liens avec la Suisse dans tous les domaines du droit commercial. Ceux-ci comprennent l\u2019\u00e9ventail complet des transactions et des financements d\u2019entreprises, les proc\u00e9dures li\u00e9es au droit des cartels, l\u2019arbitrage, les proc\u00e9dures judiciaires, les investigations ainsi que le droit fiscal.<\/p>\n<p align=\"justify\">Nos principaux domaines d\u2019activit\u00e9 sont les suivants : arbitrage, march\u00e9 des capitaux, concurrence, compliance, commercial \/ M&amp;A, gouvernance d\u2019entreprise, gestion de crise, protection des donn\u00e9es, travail et r\u00e9mun\u00e9ration des cadres, r\u00e9glementation des march\u00e9s financiers, financement et produits d\u2019investissement, sant\u00e9 et sciences de la vie, assurances, investigations, propri\u00e9t\u00e9 intellectuelle \/ technologie de l\u2019information, litiges, clients priv\u00e9s, immobilier, r\u00e9glementation, restructuration \/ insolvabilit\u00e9, fiscalit\u00e9, digitalisation \/ technologie et le droit p\u00e9nal \u00e9conomique.<\/p>\n<\/div>\n<\/div>\n<\/div>\n<\/div>\n<\/div>\n<\/div>\n<\/div>\n<\/div>\n[\/vc_column_text][\/vc_column][vc_column]<div class=\"vcex-spacing wpex-w-100 wpex-clear\" style=\"height:30px\"><\/div>[\/vc_column][\/vc_row][vc_row][vc_column width=&#8221;1\/3&#8243;]<figure class=\"vcex-image vcex-module wpex-clr\"><div class=\"vcex-image-inner wpex-relative wpex-inline-block\"><a href=\"https:\/\/www.kellerhals-carrard.ch\/\" target=\"_blank\" rel=\"noopener noreferrer\"><img decoding=\"async\" loading=\"lazy\" class=\"wpex-align-middle\" src=\"https:\/\/swissmootcourt.ch\/wp-content\/uploads\/2019\/08\/06-K-sw.jpeg\" alt=\"\" width=\"1183\" height=\"525\" \/><\/a><\/div><\/figure>[\/vc_column][vc_column width=&#8221;2\/3&#8243;][vc_column_text]\n<p style=\"text-align: justify;\" align=\"justify\">With 195 professionals (comprised of partners, salaried lawyers, legal experts, tax advisers and notaries) and a total of more than 300 staff, the law firm, which dates back to 1885 and has offices in Basel, Bern, Geneva, Lausanne, Lugano, Sion and Zurich and representation offices in Binningen, Shanghai and Tokyo, is one of the largest in Switzerland and boasts a rich tradition (see media release).<\/p>\n<p style=\"text-align: justify;\" align=\"justify\">Kellerhals Carrard operates throughout Switzerland, whilst maintaining very strong local roots, advising clients nationally and abroad.<\/p>\n<p style=\"text-align: justify;\" align=\"justify\">We advise and represent companies and entrepreneurs from all industries and economic sectors, public authorities, national and international organisations and private individuals before all judicial and administrative bodies nationally and abroad in practically all areas of the law.<\/p>\n[\/vc_column_text][\/vc_column][\/vc_row][vc_row][vc_column]<div class=\"vcex-spacing wpex-w-100 wpex-clear\" style=\"height:30px\"><\/div>[\/vc_column][\/vc_row][vc_row][vc_column width=&#8221;1\/3&#8243;]<figure class=\"vcex-image vcex-module wpex-clr\"><div class=\"vcex-image-inner wpex-relative wpex-inline-block\"><a href=\"https:\/\/www.lenzstaehelin.com\" target=\"_blank\" rel=\"noopener noreferrer\"><img decoding=\"async\" loading=\"lazy\" class=\"wpex-align-middle\" src=\"https:\/\/swissmootcourt.ch\/wp-content\/uploads\/2023\/09\/LS-Logo-scaled.jpg\" alt=\"\" width=\"2560\" height=\"528\" \/><\/a><\/div><\/figure>[\/vc_column][vc_column width=&#8221;2\/3&#8243;][vc_column_text]\n<div id=\"container\">\n<p align=\"justify\">Plus grande \u00e9tude d\u2019avocats en Suisse, avec des bureaux \u00e0 Gen\u00e8ve, Zurich et Lausanne, Lenz &amp; Staehelin emploie plus de 200 avocats dont un grand nombre a b\u00e9n\u00e9fici\u00e9 d\u2019une formation ou exp\u00e9rience professionnelle \u00e0 l\u2019Etranger.<\/p>\n<p align=\"justify\">En 2019, Lenz &amp; Staehelin figurait au deuxi\u00e8me rang des employeurs pl\u00e9biscit\u00e9s par les \u00e9tudiants en droit, juste apr\u00e8s l\u2019administration f\u00e9d\u00e9rale, dans le classement Universum 100 des employeurs les plus attractifs. Nous conseillons nos clients notamment en anglais, allemand, fran\u00e7ais, italien, espagnol et russe. Les services de Lenz &amp; Staehelin couvrent l\u2019ensemble du droit commercial.<\/p>\n<p align=\"justify\">Nos \u00e9quipes sont sp\u00e9cialis\u00e9es dans les domaines suivants: droit bancaire et financier, march\u00e9s des capitaux, droit commercial et des contrats, droit de la concurrence, droit des soci\u00e9t\u00e9s et fusions et acquisitions, droit du travail, des retraites et de l\u2019immigration, insolvabilit\u00e9 et restructuration, propri\u00e9t\u00e9 intellectuelle, enqu\u00eates, contentieux et arbitrage, clients priv\u00e9s, droit immobilier, droit fiscal, droit des Technologies M\u00e9dias et T\u00e9l\u00e9coms (TMT) et droit de la sous-traitance. Nos clients sont principalement des entreprises suisses et internationales ainsi que des particuliers, allemands ou \u00e9trangers. En tant qu\u2019\u00e9tude suisse ind\u00e9pendante, nous disposons d\u2019un r\u00e9seau mondial de correspondants de longue date aupr\u00e8s de grandes \u00e9tudes d\u2019avocats \u00e9trang\u00e8res. Nous sommes toujours \u00e0 la recherche d\u2019employ\u00e9s talentueux et engag\u00e9s qui souhaitent travailler dans un domaine passionnant.<\/p>\n<p align=\"justify\">De plus amples informations sont disponibles sur notre site internet: <a href=\"https:\/\/web.archive.org\/web\/20250519171228\/http:\/\/www.lenzstaehelin.com\/\">www.lenzstaehelin.com<\/a>.<\/p>\n<\/div>\n[\/vc_column_text][\/vc_column][\/vc_row][vc_row][vc_column]<div class=\"vcex-spacing wpex-w-100 wpex-clear\" style=\"height:30px\"><\/div>[\/vc_column][\/vc_row][vc_row][vc_column width=&#8221;1\/3&#8243;]<figure class=\"vcex-image vcex-module wpex-clr\"><div class=\"vcex-image-inner wpex-relative wpex-inline-block\"><a href=\"https:\/\/www.swlegal.ch\/en\/\" target=\"_blank\" rel=\"noopener noreferrer\"><img decoding=\"async\" loading=\"lazy\" class=\"wpex-align-middle\" src=\"https:\/\/swissmootcourt.ch\/wp-content\/uploads\/2020\/03\/SW_Logo_RGB.png\" alt=\"\" width=\"1182\" height=\"319\" \/><\/a><\/div><\/figure>[\/vc_column][vc_column width=&#8221;2\/3&#8243;][vc_column_text]\n<div>\n<p style=\"text-align: justify;\" align=\"justify\">Schellenberg Wittmer is a leading Swiss business law firm with more than 150 lawyers in Zurich and Geneva, and an office in Singapore. We take care of all legal needs \u2013 transactions, advisory, Disputes.<\/p>\n<p style=\"text-align: justify;\" align=\"justify\">We advise domestic and international clients on all aspects of business law and offer a comprehensive range of services from focused advice to project management, for local or foreign companies and high net worth individuals.<\/p>\n<p style=\"text-align: justify;\" align=\"justify\">The firm\u2019s areas of expertise include: banking and finance, competition and antitrust, dispute resolution and international arbitration, intellectual property\/information technology, mergers and acquisitions, private equity and venture capital, private clients, trusts &amp; estates, foundations, real estate and construction, restructuring and insolvency, taxation, white-collar crime and compliance.<\/p>\n<p style=\"text-align: justify;\" align=\"justify\">Recent examples of the firm&#8217;s expertise across practice areas include:<\/p>\n<\/div>\n<ul style=\"text-align: justify;\">\n<li>\n<p align=\"justify\">Defence of a German car manufacturer in a class action case before Zurich Commercial Court in the diesel scandal and in a related criminal investigation.<\/p>\n<\/li>\n<li>Representation of the Russian Federation in four investment treaty arbitrations worth several billion dollars and three Supreme Court proceedings related to investment treaty arbitrations.<\/li>\n<li>\n<p align=\"justify\">Counsel to SIX listed Panalpina Welttransport (Holding) AG and its board of directors in connection with the CHF 5.1 billion public exchange offer launched by Danish DSV A\/S, resulting in one of the world\u2019s largest supply chain solution providers.<\/p>\n<\/li>\n<li>\n<p align=\"justify\">Advising the estate of a UHNW in proceedings related to the disputed ownership of a painting done by a renowned and famous German visual artist.<\/p>\n<\/li>\n<\/ul>\n<div>\n<p style=\"text-align: justify;\" align=\"justify\">Find more information on our website <a href=\"http:\/\/www.swlegal.ch\">www.swlegal.ch<\/a>.<\/p>\n<\/div>\n[\/vc_column_text][\/vc_column][\/vc_row][vc_row][vc_column]<div class=\"vcex-spacing wpex-w-100 wpex-clear\" style=\"height:30px\"><\/div>[\/vc_column][\/vc_row][vc_row][vc_column width=&#8221;1\/3&#8243;]<figure class=\"vcex-image vcex-module wpex-clr\"><div class=\"vcex-image-inner wpex-relative wpex-inline-block\"><a href=\"https:\/\/www.swisslegal.ch\/\" target=\"_blank\" rel=\"noopener noreferrer\"><img decoding=\"async\" loading=\"lazy\" class=\"wpex-align-middle\" src=\"https:\/\/swissmootcourt.ch\/wp-content\/uploads\/2019\/08\/08-sl.png\" alt=\"\" width=\"2366\" height=\"491\" \/><\/a><\/div><\/figure>[\/vc_column][vc_column width=&#8221;2\/3&#8243;][vc_column_text]\n<div>\n<div>\n<div>\n<div>\n<div>\n<p align=\"justify\">Les \u00e9tudes SwissLegal sont actives avant tout dans les domaines int\u00e9ressant les entreprises nationales et internationales, les investisseurs et les clients priv\u00e9s.<\/p>\n<p align=\"justify\">Les activit\u00e9s de pr\u00e9dilection comprennent le droit des affaires, le droit fiscal, le droit de la construction et de l\u2019immobilier ainsi que les fusions et acquisitions\u00a0; plusieurs sites d\u00e9veloppent aussi d\u2019autres comp\u00e9tences sp\u00e9cifiques, y compris le notariat.<\/p>\n<p align=\"justify\">La structure du groupe permet d\u2019associer un ancrage local et le savoir-faire de l\u2019ensemble des \u00e9tudes, ce qui permet notamment de faire au besoin intervenir des \u00e9quipes interdisciplinaires et polyglottes, \u00e0 l\u2019\u00e9chelle du groupe. En outre, gr\u00e2ce \u00e0 des collaborations privil\u00e9gi\u00e9es avec des cabinets dans d\u2019autres pays (\u00ab\u00a0Preferred Partners\u00a0\u00bb), des \u00e9quipes internationales peuvent \u00eatre rapidement constitu\u00e9es selon les besoins des clients.<\/p>\n<p align=\"justify\">Pour plus d\u2019informations, veuillez consulter <a href=\"https:\/\/web.archive.org\/web\/20250519171228\/http:\/\/www.swisslegal.ch\/\">www.swisslegal.ch<\/a>.<\/p>\n<\/div>\n<\/div>\n<\/div>\n<\/div>\n<\/div>\n[\/vc_column_text][\/vc_column][\/vc_row][vc_row][vc_column]<div class=\"vcex-spacing wpex-w-100 wpex-clear\" style=\"height:60px\"><\/div>[\/vc_column][\/vc_row][vc_row][vc_column]<div class=\"vcex-spacing wpex-w-100 wpex-clear\" style=\"height:15px\"><\/div><div class=\"vcex-heading vcex-module wpex-text-2xl wpex-font-normal wpex-m-auto wpex-max-w-100 vcex-heading-side-border wpex-flex wpex-items-center wpex-text-center\" style=\"color:#757575;font-size:30px;text-transform:uppercase;\"><span class=\"vcex-heading-side-border wpex-flex-grow wpex-h-0 wpex-border-solid wpex-border-gray-900 wpex-border-b-3 wpex-mr-15\" style=\"border-color:#757575;\"><\/span><span class=\"vcex-heading-inner wpex-inline-block wpex-clr\">Sponsors Silver<\/span><span class=\"vcex-heading-side-border wpex-flex-grow wpex-h-0 wpex-border-solid wpex-border-gray-900 wpex-ml-15 wpex-border-b-3\" style=\"border-color:#757575;\"><\/span><\/div><div class=\"vcex-spacing wpex-w-100 wpex-clear\" style=\"height:15px\"><\/div>[\/vc_column][\/vc_row][vc_row][vc_column width=&#8221;1\/3&#8243;]<figure class=\"vcex-image vcex-module wpex-clr\"><div class=\"vcex-image-inner wpex-relative wpex-inline-block\"><a href=\"https:\/\/skylinesam.ch\" target=\"_blank\" rel=\"noopener noreferrer\"><img decoding=\"async\" loading=\"lazy\" class=\"wpex-align-middle\" src=\"https:\/\/swissmootcourt.ch\/wp-content\/uploads\/2022\/04\/image002.png\" alt=\"\" width=\"443\" height=\"131\" \/><\/a><\/div><\/figure>[\/vc_column][vc_column width=&#8221;2\/3&#8243;][vc_column_text]\n<p align=\"justify\">Skyline \u2013 Succession Arbitrage M\u00e9diation SA est n\u00e9e de la volont\u00e9 de G\u00e9raldine Chapus-Rapin et Antoine Eigenmann, tous deux avocats, de proposer une alternative \u00e0 la voie judiciaire dans les dossiers de succession.<\/p>\n<p align=\"justify\">La mati\u00e8re successorale est d\u2019une richesse infinie tant elle touche de multiples facettes du droit et du monde qui entourent les personnes concern\u00e9es. Il s\u2019agit de traiter des aspects humains (relations familiales, famille recompos\u00e9es, \u00e9loignements g\u00e9ographiques des personnes et des biens), juridiques (pacte successoral, testament, r\u00e9serve h\u00e9r\u00e9ditaire\u2026), patrimoniaux (biens mobiliers et immobiliers), de droit des soci\u00e9t\u00e9s, parfois de droit du travail, de droit international\u2026<\/p>\n<p align=\"justify\">Skyline S.A.M. s\u2019adresse \u00e0 une client\u00e8le confront\u00e9e \u00e0 des probl\u00e9matiques successorales et propose un service d\u2019accompagnement, de com\u00e9diation ou d\u2019arbitrage afin de trouver des solutions adapt\u00e9es, personnalis\u00e9es, et qui tiennent compte de tous les facteurs en cause.<\/p>\n[\/vc_column_text][\/vc_column][\/vc_row][vc_row][vc_column]<div class=\"vcex-spacing wpex-w-100 wpex-clear\" style=\"height:60px\"><\/div>[\/vc_column][\/vc_row][vc_row][vc_column]<div class=\"vcex-spacing wpex-w-100 wpex-clear\" style=\"height:15px\"><\/div><div class=\"vcex-heading vcex-module wpex-text-2xl wpex-font-normal wpex-m-auto wpex-max-w-100 vcex-heading-side-border wpex-flex wpex-items-center wpex-text-center\" style=\"color:#2b3577;font-size:30px;text-transform:uppercase;\"><span class=\"vcex-heading-side-border wpex-flex-grow wpex-h-0 wpex-border-solid wpex-border-gray-900 wpex-border-b-3 wpex-mr-15\" style=\"border-color:#2b3577;\"><\/span><span class=\"vcex-heading-inner wpex-inline-block wpex-clr\">Sponsors Institutionnels<\/span><span class=\"vcex-heading-side-border wpex-flex-grow wpex-h-0 wpex-border-solid wpex-border-gray-900 wpex-ml-15 wpex-border-b-3\" style=\"border-color:#2b3577;\"><\/span><\/div><div class=\"vcex-spacing wpex-w-100 wpex-clear\" style=\"height:15px\"><\/div>[\/vc_column][\/vc_row][vc_row][vc_column width=&#8221;1\/3&#8243;]<figure class=\"vcex-image vcex-module wpex-clr\"><div class=\"vcex-image-inner wpex-relative wpex-inline-block\"><a href=\"https:\/\/www.unifr.ch\/ius\/baurecht\/de\/\"><img decoding=\"async\" loading=\"lazy\" class=\"wpex-align-middle\" src=\"https:\/\/swissmootcourt.ch\/wp-content\/uploads\/2019\/08\/04-I.png\" alt=\"\" width=\"500\" height=\"128\" \/><\/a><\/div><\/figure>[\/vc_column][vc_column width=&#8221;2\/3&#8243;][vc_column_text css=&#8221;.vc_custom_1764418700007{margin-top: 8px !important;}&#8221;]\n<p align=\"justify\">La Fondation pour le droit de la construction, \u00e0 laquelle est rattach\u00e9 l\u2019Institut du m\u00eame nom, est affili\u00e9e \u00e0 l\u2019Universit\u00e9 de Fribourg. Elle soutient financi\u00e8rement des projets de recherche et des \u00e9v\u00e9nements juridiques pour les \u00e9tudiants.<\/p>\n[\/vc_column_text][\/vc_column][\/vc_row][vc_row][vc_column]<div class=\"vcex-spacing wpex-w-100 wpex-clear\" style=\"height:30px\"><\/div>[\/vc_column][\/vc_row][vc_row][vc_column width=&#8221;1\/3&#8243;]<figure class=\"vcex-image vcex-module wpex-clr\"><div class=\"vcex-image-inner wpex-relative wpex-inline-block\"><a href=\"https:\/\/www.uzh.ch\/en.html\"><img decoding=\"async\" loading=\"lazy\" class=\"wpex-align-middle\" src=\"https:\/\/swissmootcourt.ch\/wp-content\/uploads\/2025\/11\/uzh-logo-black.png\" alt=\"\" width=\"1193\" height=\"413\" \/><\/a><\/div><\/figure>[\/vc_column][vc_column width=&#8221;2\/3&#8243;][\/vc_column][\/vc_row]\n","protected":false},"excerpt":{"rendered":"<p>[vc_row][vc_column][\/vc_column][\/vc_row][vc_row][vc_column][\/vc_column][\/vc_row][vc_row][vc_column width=&#8221;1\/3&#8243;][vc_row_inner][vc_column_inner width=&#8221;1\/2&#8243;][\/vc_column_inner][vc_column_inner width=&#8221;1\/2&#8243;][\/vc_column_inner][\/vc_row_inner][\/vc_column][vc_column width=&#8221;2\/3&#8243;][vc_column_text] L\u2019histoire de la maison d\u2019\u00e9dition Helbing Lichtenhahn, \u00e0 B\u00e2le, prend ses racines au d\u00e9but du 19e si\u00e8cle. Aujourd\u2019hui, l\u2019ensemble des publications de la maison compte quelque 1000 titres disponibles, dont les s\u00e9ries incontournables des \u00abBasler Kommentare\u00bb et des \u00abCommentaires romands\u00bb, auxquelles s\u2019ajoutent des commentaires sur le droit fiscal suisse. Composent&hellip;<\/p>\n","protected":false},"author":1,"featured_media":0,"parent":0,"menu_order":0,"comment_status":"closed","ping_status":"closed","template":"","meta":{"footnotes":""},"class_list":["post-374","page","type-page","status-publish","hentry","entry","no-media"],"_links":{"self":[{"href":"https:\/\/swissmootcourt.ch\/index.php?rest_route=\/wp\/v2\/pages\/374","targetHints":{"allow":["GET"]}}],"collection":[{"href":"https:\/\/swissmootcourt.ch\/index.php?rest_route=\/wp\/v2\/pages"}],"about":[{"href":"https:\/\/swissmootcourt.ch\/index.php?rest_route=\/wp\/v2\/types\/page"}],"author":[{"embeddable":true,"href":"https:\/\/swissmootcourt.ch\/index.php?rest_route=\/wp\/v2\/users\/1"}],"replies":[{"embeddable":true,"href":"https:\/\/swissmootcourt.ch\/index.php?rest_route=%2Fwp%2Fv2%2Fcomments&post=374"}],"version-history":[{"count":37,"href":"https:\/\/swissmootcourt.ch\/index.php?rest_route=\/wp\/v2\/pages\/374\/revisions"}],"predecessor-version":[{"id":4090,"href":"https:\/\/swissmootcourt.ch\/index.php?rest_route=\/wp\/v2\/pages\/374\/revisions\/4090"}],"wp:attachment":[{"href":"https:\/\/swissmootcourt.ch\/index.php?rest_route=%2Fwp%2Fv2%2Fmedia&parent=374"}],"curies":[{"name":"wp","href":"https:\/\/api.w.org\/{rel}","templated":true}]}}