{"id":2717,"date":"2023-05-13T14:16:53","date_gmt":"2023-05-13T13:16:53","guid":{"rendered":"http:\/\/swissmootcourt.ch\/?page_id=2717"},"modified":"2025-11-08T18:03:34","modified_gmt":"2025-11-08T17:03:34","slug":"faq-questions-frequentes","status":"publish","type":"page","link":"https:\/\/swissmootcourt.ch\/?page_id=2717&lang=fr","title":{"rendered":"FAQ"},"content":{"rendered":"[vc_row][vc_column]<div class=\"vcex-spacing wpex-w-100 wpex-clear\" style=\"height:15px\"><\/div><div class=\"vcex-heading vcex-module wpex-text-2xl wpex-font-normal wpex-m-auto wpex-max-w-100 vcex-heading-bottom-border-w-color wpex-block wpex-border-b-2 wpex-border-solid wpex-border-gray-200\" style=\"font-size:30px;border-bottom-color:#d6d6d6;\"><span class=\"vcex-heading-inner wpex-inline-block wpex-clr wpex-relative wpex-pb-5 wpex-border-b-2 wpex-border-solid wpex-border-accent\">FAQ - Questions fr\u00e9quentes<\/span><\/div><div class=\"vcex-spacing wpex-w-100 wpex-clear\" style=\"height:45px\"><\/div>[vc_column_text css=&#8221;.vc_custom_1727368104891{padding-top: 10px !important;padding-right: 16px !important;padding-bottom: 10px !important;padding-left: 16px !important;background-color: #f4f4f4 !important;}&#8221;]\n<p style=\"text-align: justify;\" align=\"justify\"><span class=\"wpex-text-lg\">Retrouvez ici les r\u00e9ponses aux questions les plus fr\u00e9quemment pos\u00e9es. Vous trouverez \u00e9galement des informations suppl\u00e9mentaires dans notre <a href=\"http:\/\/swissmootcourt.ch\/wp-content\/uploads\/2025\/10\/Reglement-Swiss-Moot-Court-FR.docx.pdf\" target=\"_blank\" rel=\"noopener\">r\u00e8glement<\/a>. <\/span><span class=\"wpex-text-lg\">Vous avez d&#8217;autres questions ? Envoyez-nous un e-mail \u00e0 <a href=\"mailto:info@swissmootcourt.ch\"><span style=\"font-weight: 400;\">info@swissmootcourt.ch<\/span><\/a>.<\/span><\/p>\n[\/vc_column_text][\/vc_column][\/vc_row][vc_row][vc_column][vc_toggle title=&#8221;Dois-je avoir accompli un nombre minimum de semestres dans mes \u00e9tudes de droit pour pouvoir participer au Swiss Moot Court, respectivement quelles sont les conditions d&#8217;inscription ?&#8221;]<span style=\"font-weight: 400;\">La participation est ouverte \u00e0 tous les \u00e9tudiants immatricul\u00e9s dans les facult\u00e9s de droit suisses. La seule condition est de ne pas avoir termin\u00e9 son master au moment de l&#8217;inscription (voir ch. 16 ss. du r\u00e8glement). Un nombre minimum de semestres achev\u00e9s n&#8217;est pas exig\u00e9.\u00a0<\/span><\/p>\n<p><span style=\"font-weight: 400;\">Veuillez toutefois tenir compte dans tous les cas des conditions de participation de votre universit\u00e9, qui sont d\u00e9terminantes s\u2019agissant de l&#8217;attribution de cr\u00e9dits.<\/span>[\/vc_toggle][vc_toggle title=&#8221;Comment puis-je m&#8217;inscrire au concours ?&#8221;]<span style=\"font-weight: 400;\">L&#8217;inscription se fait en \u00e9quipe (une inscription par \u00e9quipe) de deux \u00e0 quatre \u00e9tudiants via le formulaire d\u2019inscription disponible sur notre site Internet, qui est accessible d\u00e8s l&#8217;ouverture des inscriptions (ch. 24 ss du r\u00e8glement).\u00a0<\/span><\/p>\n<p><span style=\"font-weight: 400;\">L&#8217;inscription au Swiss Moot Court se fait s\u00e9par\u00e9ment de l&#8217;inscription \u00e0 l&#8217;universit\u00e9. Pour que la participation soit prise en compte dans vos \u00e9tudes, une inscription suppl\u00e9mentaire aupr\u00e8s de votre universit\u00e9 peut \u00eatre n\u00e9cessaire. Veuillez consulter les conditions de votre universit\u00e9 \u00e0 ce sujet.\u00a0<\/span>[\/vc_toggle][vc_toggle title=&#8221;Puis-je m&#8217;inscrire au concours seul ?&#8221;]<span style=\"font-weight: 400;\">Non, l&#8217;inscription se fait en \u00e9quipe de deux \u00e0 quatre \u00e9tudiants (ch. 19 du r\u00e8glement). Toutefois, si vous \u00eates \u00e0 la recherche de membres pour votre \u00e9quipe, vous pouvez prendre contact avec nous par e-mail (info@swissmootcourt.ch). En nous contactant, vous acceptez que nous transmettions vos coordonn\u00e9es (nom, adresse e-mail et connaissances linguistiques en allemand et en fran\u00e7ais) aux autres personnes seules afin que vous puissiez ensuite former une \u00e9quipe de mani\u00e8re autonome et vous inscrire ensemble au concours via notre formulaire d&#8217;inscription.\u00a0<\/span><\/p>\n<p><span style=\"font-weight: 400;\">Le Swiss Moot Court ne forme pas d&#8217;\u00e9quipes, mais transmet uniquement les coordonn\u00e9es des personnes seules. Les \u00e9tudiants sont eux-m\u00eames responsables de la prise de contact, de la formation de l&#8217;\u00e9quipe et de l&#8217;inscription au concours. La prise de contact ou la transmission des donn\u00e9es de contact par le Swiss Moot Court ne garantit pas la constitution d&#8217;une \u00e9quipe. <\/span>[\/vc_toggle][vc_toggle title=&#8221;Quand puis-je m&#8217;inscrire au concours ?&#8221;]<span style=\"font-weight: 400;\">Toutes les dates importantes, en particulier le jour et l&#8217;heure du d\u00e9but du d\u00e9lai d&#8217;inscription, se trouvent sous le <\/span><a href=\"https:\/\/swissmootcourt.ch\/?page_id=336&#038;lang=fr\"><span style=\"font-weight: 400;\">lien suivant<\/span><\/a><span style=\"font-weight: 400;\">.\u00a0<\/span>[\/vc_toggle][vc_toggle title=&#8221;Quand serai-je inscrit au concours ?&#8221;]<span style=\"font-weight: 400;\">Votre participation au concours est confirm\u00e9e lorsque vous recevez votre num\u00e9ro d&#8217;\u00e9quipe personnel (apr\u00e8s avoir rempli le formulaire d&#8217;inscription sur le site Internet et pay\u00e9 les frais d&#8217;inscription) (ch. 27 du r\u00e8glement). La confirmation d&#8217;inscription g\u00e9n\u00e9r\u00e9e automatiquement apr\u00e8s avoir rempli le formulaire d&#8217;inscription, notamment en raison de la limitation \u00e0 douze \u00e9quipes par universit\u00e9, ne constitue pas une confirmation d\u00e9finitive de la participation (ch. 26 du r\u00e8glement).\u00a0<\/span>[\/vc_toggle][vc_toggle title=&#8221;Si la limite maximale de douze \u00e9quipes par universit\u00e9 est atteinte, comment d\u00e9termine-t-on quelles sont les douze \u00e9quipes admises au concours ?&#8221;]<span style=\"font-weight: 400;\">L&#8217;admission est d\u00e9termin\u00e9e par ordre chronologique des inscriptions (ch. 20 du r\u00e8glement).<\/span>[\/vc_toggle][vc_toggle title=&#8221;Puis-je encore m&#8217;inscrire au Swiss Moot Court m\u00eame si mon universit\u00e9 a d\u00e9j\u00e0 atteint la limite maximale d&#8217;\u00e9quipes ?&#8221;]Il n\u2019est pas possible de s\u2019inscrire aupr\u00e8s d\u2019une universit\u00e9 dont le plafond des inscriptions est atteint, mais il est possible de s\u2019inscrire au concours avec des \u00e9tudiantes et \u00e9tudiants d\u2019autres universit\u00e9s. Lorsqu\u2019une \u00e9quipe est compos\u00e9e d&#8217;\u00e9tudiantes et \u00e9tudiants de diff\u00e9rentes universit\u00e9s, le Comit\u00e9 d\u00e9cide \u00e0 quelle universit\u00e9 l\u2019\u00e9quipe est attribu\u00e9e.[\/vc_toggle][vc_toggle title=&#8221;Le r\u00e8glement (ch. 44 et 81) mentionne que les m\u00e9moires ne doivent pas contenir d&#8217;indications permettant de tirer des conclusions sur l&#8217;identit\u00e9, l&#8217;universit\u00e9 d&#8217;origine ou une autre origine locale. Qu&#8217;est-ce que cela signifie ?&#8221;]Les m\u00e9moires ne doivent pas contenir de noms, d&#8217;adresses ou d&#8217;indications sur l&#8217;universit\u00e9 d&#8217;origine des \u00e9tudiants ou sur une autre origine locale. Vous ne devez notamment pas :<\/p>\n<p>&#8211; Mentionner l&#8217;adresse professionnelle si vous faites r\u00e9f\u00e9rence au si\u00e8ge de votre \u00c9tude d&#8217;avocats.<\/p>\n<p>&#8211; Mentionner le nom de la ville ou du canton lorsque vous indiquez le lieu et la date.<\/p>\n<p>&#8211; Utiliser la procuration d&#8217;un ordre cantonal des avocats.<\/p>\n<p>&#8211; Signer en votre nom en tant qu&#8217;avocat ou indiquer vos noms en tant qu&#8217;avocat.<\/p>\n<p>Vous pouvez en revanche remplacer vos noms par &#8220;\u00e9quipe n\u00b0 XXXX&#8221; et les indications de lieu par la mention &#8220;adresse&#8221;.<\/p>\n<p>Ces dispositions ne concernent bien entendu que les membres de l&#8217;\u00e9quipe. Les noms et adresses qui ressortent des faits peuvent \u00eatre utilis\u00e9s pour la r\u00e9solution du cas et mentionn\u00e9s en tant que tels dans les m\u00e9moires.[\/vc_toggle][vc_toggle title=&#8221;Est-il possible de r\u00e9diger le m\u00e9moire de demande en allemand et la r\u00e9ponse en fran\u00e7ais (ou inversement) ?&#8221;]\n<p style=\"text-align: justify;\">Oui, c&#8217;est possible. Dans cette \u00e9ventualit\u00e9, nous vous saurais gr\u00e9 de bien vouloir, dans la mesure du possible, nous avertir par avance, pour faciliter l\u2019organisation des corrections, \u00e0 : info@swissmootcourt.ch.<\/p>\n<p style=\"text-align: justify;\">Il sied \u00e9galement de relever que si votre \u00e9quipe inclut \u00e0 la fois des locuteurs natifs allemands et fran\u00e7ais, les deux langues doivent \u00eatre indiqu\u00e9es sur les deux travaux et, cas \u00e9ch\u00e9ant, la r\u00e9daction de travaux dans les deux langues ne donner droit \u00e0 aucun point bonus.<\/p>\n[\/vc_toggle][vc_toggle title=&#8221;Quand les classements sont-ils publi\u00e9s ?&#8221;]<span style=\"font-weight: 400;\">Les classements des \u00e9preuves \u00e9crites et orales sont publi\u00e9s sur le site Internet apr\u00e8s la finale de la phase orale. Aucun classement exact n\u2019est communiqu\u00e9 avant cela. En particulier, l&#8217;ordre dans le tableau des douze premi\u00e8res \u00e9quipes, qualifi\u00e9es pour la phase orale, est al\u00e9atoire et ne correspond pas \u00e0 leur classement dans la phase \u00e9crite.<\/span>[\/vc_toggle][\/vc_column][\/vc_row]\n","protected":false},"excerpt":{"rendered":"<p>[vc_row][vc_column][vc_column_text css=&#8221;.vc_custom_1727368104891{padding-top: 10px !important;padding-right: 16px !important;padding-bottom: 10px !important;padding-left: 16px !important;background-color: #f4f4f4 !important;}&#8221;] Retrouvez ici les r\u00e9ponses aux questions les plus fr\u00e9quemment pos\u00e9es. Vous trouverez \u00e9galement des informations suppl\u00e9mentaires dans notre r\u00e8glement. Vous avez d&#8217;autres questions ? Envoyez-nous un e-mail \u00e0 info@swissmootcourt.ch. [\/vc_column_text][\/vc_column][\/vc_row][vc_row][vc_column][vc_toggle title=&#8221;Dois-je avoir accompli un nombre minimum de semestres dans mes \u00e9tudes de droit&hellip;<\/p>\n","protected":false},"author":1,"featured_media":0,"parent":0,"menu_order":0,"comment_status":"closed","ping_status":"closed","template":"","meta":{"footnotes":""},"class_list":["post-2717","page","type-page","status-publish","hentry","entry","no-media"],"_links":{"self":[{"href":"https:\/\/swissmootcourt.ch\/index.php?rest_route=\/wp\/v2\/pages\/2717","targetHints":{"allow":["GET"]}}],"collection":[{"href":"https:\/\/swissmootcourt.ch\/index.php?rest_route=\/wp\/v2\/pages"}],"about":[{"href":"https:\/\/swissmootcourt.ch\/index.php?rest_route=\/wp\/v2\/types\/page"}],"author":[{"embeddable":true,"href":"https:\/\/swissmootcourt.ch\/index.php?rest_route=\/wp\/v2\/users\/1"}],"replies":[{"embeddable":true,"href":"https:\/\/swissmootcourt.ch\/index.php?rest_route=%2Fwp%2Fv2%2Fcomments&post=2717"}],"version-history":[{"count":24,"href":"https:\/\/swissmootcourt.ch\/index.php?rest_route=\/wp\/v2\/pages\/2717\/revisions"}],"predecessor-version":[{"id":4075,"href":"https:\/\/swissmootcourt.ch\/index.php?rest_route=\/wp\/v2\/pages\/2717\/revisions\/4075"}],"wp:attachment":[{"href":"https:\/\/swissmootcourt.ch\/index.php?rest_route=%2Fwp%2Fv2%2Fmedia&parent=2717"}],"curies":[{"name":"wp","href":"https:\/\/api.w.org\/{rel}","templated":true}]}}