{"id":2710,"date":"2023-05-13T14:16:53","date_gmt":"2023-05-13T14:16:53","guid":{"rendered":"http:\/\/swissmootcourt.ch\/?page_id=2710"},"modified":"2025-11-08T18:03:32","modified_gmt":"2025-11-08T17:03:32","slug":"faq","status":"publish","type":"page","link":"https:\/\/swissmootcourt.ch\/?page_id=2710","title":{"rendered":"FAQ"},"content":{"rendered":"[vc_row][vc_column]<div class=\"vcex-spacing wpex-w-100 wpex-clear\" style=\"height:15px\"><\/div><div class=\"vcex-heading vcex-module wpex-text-2xl wpex-font-normal wpex-m-auto wpex-max-w-100 vcex-heading-bottom-border-w-color wpex-block wpex-border-b-2 wpex-border-solid wpex-border-gray-200\" style=\"font-size:30px;border-bottom-color:#d6d6d6;\"><span class=\"vcex-heading-inner wpex-inline-block wpex-clr wpex-relative wpex-pb-5 wpex-border-b-2 wpex-border-solid wpex-border-accent\">FAQ - H\u00e4ufig gestellte Fragen<\/span><\/div><div class=\"vcex-spacing wpex-w-100 wpex-clear\" style=\"height:15px\"><\/div><div class=\"vcex-spacing wpex-w-100 wpex-clear\" style=\"height:30px\"><\/div>[vc_column_text css=&#8221;.vc_custom_1727377972576{padding-top: 10px !important;padding-right: 16px !important;padding-bottom: 10px !important;padding-left: 16px !important;background-color: #f4f4f4 !important;}&#8221;]\n<p align=\"justify\"><span class=\"wpex-text-lg\">Hier finden Sie Antworten auf h\u00e4ufig gestellte Fragen. Weitere Informationen finden Sie in unserem <a href=\"http:\/\/swissmootcourt.ch\/wp-content\/uploads\/2025\/10\/Reglement-Swiss-Moot-Court-DE.docx.pdf\" target=\"_blank\" rel=\"noopener\">Reglement<\/a>.<br \/>\n<\/span><span class=\"wpex-text-lg\">Bei zus\u00e4tzlichen Fragen wenden Sie sich bitte per E-Mail an <a href=\"mailto:info@swissmootcourt.ch\">info@swissmootcourt.ch<\/a>.<\/span>[\/vc_column_text][\/vc_column][\/vc_row][vc_row][vc_column][vc_toggle title=&#8221;Muss ich eine Mindestanzahl an Semestern in meinem Jus-Studium abgeschlossen haben, um am Swiss Moot Court teilzunehmen bzw. was sind die Anmeldevoraussetzungen?&#8221;]<span style=\"font-weight: 400;\">Die Teilnahme steht allen an Schweizer Rechtsfakult\u00e4ten immatrikulierten Studierenden offen. Einzige Voraussetzung ist, dass im Anmeldezeitpunkt der Master noch nicht abgeschlossen wurde (siehe Rz. 16 ff. des Reglements). Eine Mindestanzahl an abgeschlossenen Semestern wird nicht vorausgesetzt.\u00a0<\/span><\/p>\n<p><span style=\"font-weight: 400;\">Beachten Sie jedoch in jedem Fall die Teilnahmevoraussetzungen Ihrer Universit\u00e4t, welche f\u00fcr die Anrechnung des Wettbewerbs an Ihr Studium massgebend sind. <\/span>[\/vc_toggle][vc_toggle title=&#8221;Wie kann ich mich zum Wettbewerb anmelden?&#8221;]<span style=\"font-weight: 400;\">Die Anmeldung erfolgt als Team (eine Anmeldung pro Team) von zwei bis vier Studierenden \u00fcber das Kontaktformular auf unserer Website, welches zum Start der Anmeldungen p\u00fcnktlich freigeschaltet wird (Rz. 24 ff. des Reglements).\u00a0<\/span><\/p>\n<p><span style=\"font-weight: 400;\">Die Anmeldung zum Swiss Moot Court erfolgt unabh\u00e4ngig von der Anmeldung an der Universit\u00e4t. F\u00fcr die Anrechnung der Teilnahme an Ihr Studium ist ausserdem eine Anmeldung an Ihrer Universit\u00e4t notwendig. Beachten Sie diesbez\u00fcglich die Voraussetzungen Ihrer Universit\u00e4t. <\/span>[\/vc_toggle][vc_toggle title=&#8221;Kann ich mich als Einzelperson zum Wettbewerb anmelden?&#8221;]<span style=\"font-weight: 400;\">Nein, die Anmeldung erfolgt im Team von zwei bis vier Studierenden (Rz. 19 des Reglements). Sollten Sie jedoch auf der Suche nach Teammitgliedern sein, d\u00fcrfen Sie gerne via E-Mail (<\/span><a href=\"mailto:info@swissmootcourt.ch\"><span style=\"font-weight: 400;\">info@swissmootcourt.ch<\/span><\/a><span style=\"font-weight: 400;\">) mit uns Kontakt aufnehmen. Mit dieser Kontaktaufnahme stimmen Sie zu, dass wir Ihre Kontaktdaten (Name, E-Mailadresse und Sprachkenntnisse in Deutsch und Franz\u00f6sisch) an die weiteren Einzelpersonen weitergeben, damit Sie anschliessend eigenst\u00e4ndig ein Team bilden und sich gemeinsam \u00fcber unser Anmeldeformular zum Wettbewerb anmelden k\u00f6nnen.\u00a0<\/span><\/p>\n<p><span style=\"font-weight: 400;\">Der Swiss Moot Court bildet keine Teams, sondern \u00fcbermittelt einzig die Kontaktdaten der Einzelpersonen. F\u00fcr die anschliessende Kontaktaufnahme, Teambildung und Anmeldung zum Wettbewerb sind die Studierenden selbst verantwortlich. Mit der Kontaktaufnahme bzw. Weitergabe der Kontaktdaten seitens des Swiss Moot Courts besteht keine Garantie, dass ein Team zustande kommt.\u00a0<\/span>[\/vc_toggle][vc_toggle title=&#8221;Wann kann ich mich zum Wettbewerb anmelden?&#8221;]<span style=\"font-weight: 400;\">Alle wichtigen Daten, insbesondere auch Tag und Uhrzeit des Starts der Anmeldefrist, finden sich unter folgendem <\/span><a href=\"https:\/\/swissmootcourt.ch\/?page_id=9\"><span style=\"font-weight: 400;\">Link<\/span><\/a><span style=\"font-weight: 400;\">. <\/span>[\/vc_toggle][vc_toggle title=&#8221;Wann bin ich zum Wettbewerb angemeldet?&#8221;]<span style=\"font-weight: 400;\">Ihre Teilnahme am Wettbewerb ist dann best\u00e4tigt, wenn Ihnen (nach dem Ausf\u00fcllen des Anmeldeformulars auf der Website und der Zahlung der Anmeldegeb\u00fchr) Ihre pers\u00f6nliche Teamnummer zugestellt wird (Rz. 27 des Reglements). Die automatisch generierte Anmeldebest\u00e4tigung nach dem Ausf\u00fcllen des Anmeldeformulars stellt insbesondere infolge der Teambeschr\u00e4nkung auf zw\u00f6lf Teams pro Universit\u00e4t keine definitive Best\u00e4tigung der Teilnahme dar (Rz. 26 des Reglements).\u00a0<\/span>[\/vc_toggle][vc_toggle title=&#8221;Wie wird im Falle des Erreichens der Maximalbeschr\u00e4nkung von zw\u00f6lf Teams pro Universit\u00e4t bestimmt, welche zw\u00f6lf Teams zum Wettbewerb zugelassen sind?&#8221;]<span style=\"font-weight: 400;\">Die Zulassung richtet sich nach dem chronologischen Eingang der Anmeldungen (Rz.\u00a020 des Reglements).<\/span>[\/vc_toggle][vc_toggle title=&#8221;Kann ich mich noch zum Swiss Moot Court anmelden, auch wenn meine Universit\u00e4t die Maximalbeschr\u00e4nkung an Teams bereits erreicht hat?&#8221;]Nein, es ist nicht m\u00f6glich, sich als Team einer Universit\u00e4t anzumelden, welche bereits die Maximalanzahl Teams erreicht hat. Es besteht jedoch die M\u00f6glichkeit sich mit Studierenden anderer Universit\u00e4ten zum Wettbewerb anzumelden. Setzt sich ein Team aus Studierenden von verschiedenen Universit\u00e4ten zusammen, entscheidet das OK, welcher Universit\u00e4t das Team zugerechnet wird.[\/vc_toggle][vc_toggle title=&#8221;Im Reglement (Rz. 44 und 81) wird erw\u00e4hnt, dass die Rechtsschriften keine Hinweise enthalten d\u00fcrfen, welche R\u00fcckschl\u00fcsse auf die Identit\u00e4t, Herkunftsuniversit\u00e4t oder eine andere \u00f6rtliche Herkunft erm\u00f6glichen. Was bedeutet das?&#8221;]Die Rechtsschriften d\u00fcrfen keine Namen, Adressen oder Hinweise auf die Herkunftsuniversit\u00e4t der Studierenden oder eine andere \u00f6rtliche Herkunft enthalten. Sie d\u00fcrfen insbesondere nicht:<\/p>\n<p>&#8211; Die Gesch\u00e4ftsadresse erw\u00e4hnen, sofern Sie auf den Sitz Ihrer Awaltskanzlei verweisen.<\/p>\n<p>&#8211; Den Namen der Stadt oder des Kantons erw\u00e4hnen, wenn Sie Ort und Datum angeben.<\/p>\n<p>&#8211; Die Anwaltsvollmacht eines kantonalen Anwaltsverbandes verwenden.<\/p>\n<p>&#8211; In Ihrem Namen als Anw\u00e4lte unterzeichnen oder Ihre Namen als Anw\u00e4lte angeben.<\/p>\n<p>Ersatzweise k\u00f6nnen Sie bspw. Ihre Namen durch &#8220;Team Nr. XXXX&#8221; und Ortsangaben durch die Bezeichnung &#8220;Adresse&#8221; ersetzen.<\/p>\n<p>Diese Vorschriften betreffen selbstverst\u00e4ndlich nur die Teammitglieder. Namen und Adressen, welche aus dem Sachverhalt hervorgehen, d\u00fcrfen f\u00fcr die Falll\u00f6sung verwendet und als solche in den Rechtsschriften genannt werden.[\/vc_toggle][vc_toggle title=&#8221;Ist es m\u00f6glich, die Beschwerde auf Deutsch und die Antwort auf Franz\u00f6sisch zu verfassen (oder umgekehrt)?&#8221;]\n<p style=\"text-align: justify;\">Ja, das ist m\u00f6glich. In diesem Fall w\u00e4ren wir Ihnen dankbar, wenn Sie uns im Voraus unter info@swissmootcourt.ch informieren w\u00fcrden, um die Organisation der Korrekturen zu erleichtern.<\/p>\n<p style=\"text-align: justify;\">Bitte beachten Sie, dass, wenn Ihr Team sowohl deutsche als auch franz\u00f6sische Muttersprachler umfasst, beide Sprachen auf beiden Arbeiten angegeben werden m\u00fcssen und das Verfassen von Arbeiten in beiden Sprachen keinen Anspruch auf Bonuspunkte begr\u00fcndet.<\/p>\n<p>&nbsp;[\/vc_toggle][vc_toggle title=&#8221;Wann werden die Ranglisten ver\u00f6ffentlicht?&#8221;]<span style=\"font-weight: 400;\">Die Ranglisten der schriftlichen und m\u00fcndlichen Runde werden nach Ende der Finalrunde auf der Website publiziert. Vorher werden keine exakten Platzierungen bekannt gegeben. Insbesondere stellt die Reihenfolge der Nennung der zw\u00f6lf Teams, welche sich f\u00fcr die M\u00fcndlichrunde qualifiziert haben, keinen Hinweis auf die Platzierung der schriftlichen Phase dar.\u00a0<\/span>[\/vc_toggle][\/vc_column][\/vc_row]\n","protected":false},"excerpt":{"rendered":"<p>[vc_row][vc_column][vc_column_text css=&#8221;.vc_custom_1727377972576{padding-top: 10px !important;padding-right: 16px !important;padding-bottom: 10px !important;padding-left: 16px !important;background-color: #f4f4f4 !important;}&#8221;] Hier finden Sie Antworten auf h\u00e4ufig gestellte Fragen. Weitere Informationen finden Sie in unserem Reglement. Bei zus\u00e4tzlichen Fragen wenden Sie sich bitte per E-Mail an info@swissmootcourt.ch.[\/vc_column_text][\/vc_column][\/vc_row][vc_row][vc_column][vc_toggle title=&#8221;Muss ich eine Mindestanzahl an Semestern in meinem Jus-Studium abgeschlossen haben, um am Swiss Moot Court teilzunehmen&hellip;<\/p>\n","protected":false},"author":1,"featured_media":0,"parent":0,"menu_order":0,"comment_status":"closed","ping_status":"closed","template":"","meta":{"footnotes":""},"class_list":["post-2710","page","type-page","status-publish","hentry","entry","no-media"],"_links":{"self":[{"href":"https:\/\/swissmootcourt.ch\/index.php?rest_route=\/wp\/v2\/pages\/2710","targetHints":{"allow":["GET"]}}],"collection":[{"href":"https:\/\/swissmootcourt.ch\/index.php?rest_route=\/wp\/v2\/pages"}],"about":[{"href":"https:\/\/swissmootcourt.ch\/index.php?rest_route=\/wp\/v2\/types\/page"}],"author":[{"embeddable":true,"href":"https:\/\/swissmootcourt.ch\/index.php?rest_route=\/wp\/v2\/users\/1"}],"replies":[{"embeddable":true,"href":"https:\/\/swissmootcourt.ch\/index.php?rest_route=%2Fwp%2Fv2%2Fcomments&post=2710"}],"version-history":[{"count":30,"href":"https:\/\/swissmootcourt.ch\/index.php?rest_route=\/wp\/v2\/pages\/2710\/revisions"}],"predecessor-version":[{"id":4074,"href":"https:\/\/swissmootcourt.ch\/index.php?rest_route=\/wp\/v2\/pages\/2710\/revisions\/4074"}],"wp:attachment":[{"href":"https:\/\/swissmootcourt.ch\/index.php?rest_route=%2Fwp%2Fv2%2Fmedia&parent=2710"}],"curies":[{"name":"wp","href":"https:\/\/api.w.org\/{rel}","templated":true}]}}